*m - m - 2. Suppose g + 3*h + 51 = 5*g, c = -2*g + 2*h + 28. What are the prime factors of g?
3
Let r(s) = -8*s**2 - 14*s - 12. Let a(u) = -3*u**2 - 5*u - 4. Let m(c) = -11*a(c) + 4*r(c). Let i = 10 - 7. What are the prime factors of m(i)?
2
Let l(w) = -2*w**2 + w - 65. Let j be l(0). Let v = 114 + j. What are the prime factors of v?
7
Let w = -2 - -4. Suppose 1 = w*b - b. What are the prime factors of 2 + (2 - -1) + b?
2, 3
Let p = 224 + -7. List the prime factors of p.
7, 31
Let l be (10/8)/(2/(-8)). Let a be 56/6*(-3)/(-2). List the prime factors of l + a - (1 + 0).
2
Let x(b) = -2*b + 2. Let q be x(2). Let a(n) = -3*n**3 + 2*n**2 + 2*n - 1. List the prime factors of a(q).
3
Let v = -37 + 74. List the prime factors of v.
37
Suppose 2*q - 8 = -3*s + 2*s, 5*s + 2 = 4*q. Suppose -2*k - 4 = s, 0 = -5*j - 3*k + 121. What are the prime factors of j?
2, 13
Let t(f) = -4*f + 3. Let q be (-12)/(3/(-2)*-1). Let c be t(q). Suppose 0 = -3*l + p + 31, 3*l - 2*p - 3*p - c = 0. What are the prime factors of l?
2, 5
Let t be 2*(-2 + 0 + 3). Suppose 4*v + 4*c = 64, -2*v + t*c + 35 = c. What are the prime factors of v?
17
Suppose 527 + 583 = 6*i. What are the prime factors of i?
5, 37
Suppose -12*w + 535 = -389. What are the prime factors of w?
7, 11
Let x(q) = 8*q**3 - 2*q**2 + 3*q - 1. List the prime factors of x(2).
61
Let w(g) = g**3 + 14*g**2 + 12*g - 10. Let a be w(-13). Suppose 16 = 2*b - a*b. Let l = b + 28. What are the prime factors of l?
2, 3
Let k = 3 - 4. Let t be (-2)/1 + (k - -3). Suppose t = 5*r + 2*c - 23, 0*r + 3*r = -5*c + 10. List the prime factors of r.
5
Let q(p) = p. Let w be q(1). What are the prime factors of (1 - w) + (6 - 2)?
2
Suppose 19 = 4*y - 3*k, -3 = -3*y + 2*y - k. Suppose 107 = 5*a - y*q, -2*a + 31 = -a - 4*q. What are the prime factors of a?
19
Suppose -3*o + 26 = 5. Suppose 0 = o*q - 3*q - 88. What are the prime factors of q?
2, 11
Suppose 3*i + 4 + 5 = 0. What are the prime factors of 22/(i/(-1) - 1)?
11
Suppose -5*x + 2*u - 15 = 7*u, 0 = 3*x + 5*u + 19. Let o(c) = -2 + 7*c**2 + 0*c + x*c - 4 - c**3. What are the prime factors of o(7)?
2
Let p be 4 - ((-1 - -1) + 1). Suppose 5*z - 79 = -29. Let m = z - p. What are the prime factors of m?
7
Let b be (-1 - -2)*0/3. Suppose b*l - 28 = -4*l. Suppose s - 2*s = -l. What are the prime factors of s?
7
Suppose 5*k - 19 - 6 = 0. List the prime factors of k.
5
Suppose -3*b - b = -20, -b = -2*v + 41. What are the prime factors of v?
23
Let p(v) = 21*v - 4. Suppose 2 = 5*q - 2*u, 2*q - 2 = -3*u + 14. What are the prime factors of p(q)?
2, 19
Suppose -2*l = 4*i - 172, -2*l = -4*l + 3*i + 179. What are the prime factors of l?
2, 11
Suppose 3*y - y - 38 = 0. Suppose -2*j - 1 - y = 3*o, 0 = -5*j + 10. What are the prime factors of 1/(1 - o/(-9))?
3
What are the prime factors of 126/4 - 3/(-2)?
3, 11
Let a(m) = m**3 + 4*m**2 + 8*m + 5. Let p be a(-5). What are the prime factors of p*(-4 - (-30)/9)?
2, 5
Let m(j) = j**2 - j + 30. What are the prime factors of m(0)?
2, 3, 5
Suppose 0 = -5*g + 3*b + 165, -2*b = -g - 2*g + 98. What are the prime factors of g?
2, 3
Suppose -4*i + g - 12 = 6*g, 4*i = 2*g + 16. Let p = -1 + 3. Suppose 5*o - 53 = -i*y + 17, 0 = 3*o + p*y - 46. List the prime factors of o.
2, 3
Let o(j) = 4*j - 6. Suppose -8 = -11*f + 10*f. What are the prime factors of o(f)?
2, 13
Let m(q) = 5*q - 7. What are the prime factors of m(7)?
2, 7
Suppose -22 = -5*z + 3*p, 0 = 5*z + 2*p - 24 - 3. Let q(x) = -x**3 + 4*x**2 + 2*x - 3. Let b be q(4). Let y = b + z. What are the prime factors of y?
2, 5
Let d(y) = -y**2 + 6*y - 2. Let m be d(5). Suppose 9 - 30 = -m*i. What are the prime factors of i?
7
Let k = 8 - 6. Suppose k*d - 9*d + 63 = 0. List the prime factors of d.
3
Suppose -24 = 4*z + 4*o, 3*z = -3*o + 4*o - 10. Let t = 7 + z. List the prime factors of t.
3
Let m(g) = g - 5. Let q be m(10). Suppose 0 = q*c + j - 127, -3*c + 3*j + 81 = 2*j. List the prime factors of c.
2, 13
Suppose -44 = -5*z + 66. What are the prime factors of z?
2, 11
Let g(a) = -a**2 + 17*a + 21. Let r be g(18). Suppose 30 - 130 = -3*c - 4*b, -r*c - b = -106. List the prime factors of c.
2, 3
What are the prime factors of 4 + -7 + 1 - -40?
2, 19
Suppose 3*o = 21 + 6. Suppose o*p - 12*p + 132 = 0. What are the prime factors of p?
2, 11
List the prime factors of (-56)/42*(-30)/1.
2, 5
Let i = -26 - -66. List the prime factors of i.
2, 5
Let a(b) = b**3 + 5*b**2 + 2*b - 5. Let m = -2 - 2. Let g be a(m). List the prime factors of g/5 - (-74)/10.
2
Let n(h) = -h. Let v(q) = -q**2 + 11*q + 11. Let p(w) = 2*n(w) + v(w). Let f be p(8). Suppose -3*d + 5 = -f. List the prime factors of d.
2
Let l be 0/1 - (-4 + 4). Suppose l*b + b = 23. List the prime factors of b.
23
Let y(p) = 4*p**2 + 3*p - 2. Let r(f) = -4*f**2 - 4*f + 3. Let q(b) = -5*r(b) - 6*y(b). Let w be q(2). Let d = w + 24. List the prime factors of d.
3
Suppose 4*y - 5 = z, 25 = -3*y - 2*y - 5*z. Suppose -102 = -2*i - y*i. What are the prime factors of i?
3, 17
Let z = 1 - -2. Suppose 4*l = -2*i + 22 + 62, z*l + 5*i - 70 = 0. List the prime factors of l.
2, 5
Let s(d) be the first derivative of 2*d**3/3 + 3*d**2/2 - d - 3. List the prime factors of s(-4).
19
Suppose -9 = 2*r - 5*r. Suppose 5*o = -r*x - 14, 0*x + 4 = -x - o. List the prime factors of -1 - (x - 2)*1.
2
Let m(z) = 5*z + 3. What are the prime factors of m(6)?
3, 11
Suppose 15 = 4*u + 7. Suppose -u*d + 11 + 7 = 0. What are the prime factors of d?
3
Suppose -9*c + 56 = -2*c. List the prime factors of c.
2
Let x(d) = -d**2 + 7*d - 2. Let h be x(6). Suppose 2*s = h*s - 54. What are the prime factors of s?
3
What are the prime factors of (-142)/(-8) - 17/(-68)?
2, 3
Let f(a) = 3 - 5 - 14*a + 2. What are the prime factors of f(-1)?
2, 7
Let m be -2*(-1 - -2) + 16. Let r = 32 - m. List the prime factors of r.
2, 3
Let z = 245 - 96. What are the prime factors of z?
149
Let c(t) = t + 4. List the prime factors of c(4).
2
Let f = 418 - 232. What are the prime factors of f?
2, 3, 31
Let s be -4 - (3 + -4)*3. What are the prime factors of s - 0 - (0 - 4)?
3
List the prime factors of 3/9*99/3.
11
Let g(f) = -6*f - 4 - 2 + 4. Suppose s + 0*s + 4*u = -10, 5*u + 8 = s. List the prime factors of g(s).
2, 5
Suppose 0 = -m + o + 86, -264 = -3*m + 3*o + 2*o. List the prime factors of m.
83
Let o = 56 - 38. What are the prime factors of o?
2, 3
Let k be 2*1*(-2)/(-1). Suppose -2*t + 5*g = -4*t - 17, -k*t = 5*g + 19. Let b = t - -4. What are the prime factors of b?
3
Let b = 63 + -38. What are the prime factors of b?
5
Let w(j) = -j**3 - 5*j**2 - 5*j - 2. Let p be w(-4). Suppose 132 + 3 = 5*r - 4*u, 3*u = p*r - 61. What are the prime factors of r?
23
Suppose 0*k = k - 25. Let v = k - 14. What are the prime factors of v?
11
Let f(m) = -6*m - 3. Let q be f(-7). Suppose -u = 3*o - q, -o = 2*u - 12 - 76. What are the prime factors of u?
3, 5
Suppose 3*d - 2*s = 720, 0 = -3*d + 3*s - 7*s + 720. List the prime factors of d.
2, 3, 5
Let c = 5 - 2. Suppose 5 = c*t - 2*t. Suppose -t*s + 101 = 2*x, -4*x = s - 3 - 10. List the prime factors of s.
3, 7
Let w(z) = -z**2 + 4*z + 1. Let n be w(3). Suppose 0 = n*g + 3*d - 53, 4*d + 0 = 2*g - 54. List the prime factors of g.
17
Let z(b) = 7*b**2 - 11*b + 22. What are the prime factors of z(5)?
2, 71
Let p(r) = 4*r - 29. What are the prime factors of p(14)?
3
Suppose 2*t + 0*t = 2*w - 236, -5*w - 2*t + 625 = 0. What are the prime factors of w?
3, 41
Let u(w) = -w**2 - 19*w - 14. List the prime factors of u(-15).
2, 23
Suppose 19 = 4*q + 3*z - 12, 0 = -4*q - z + 21. Suppose 3*n + 4*c = 73, 74 = q*n - n + 5*c. What are the prime factors of n?
23
Let u = 6 + -4. Suppose -u*c + 4*c - 16 = 0. Suppose -5*n - 2*d = -0*d - 21, -d + c = 2*n. What are the prime factors of n?
5
Let z = 6 + -3. Suppose -z*l = -3*p + 83 - 35, 3*l - 64 = -4*p. List the prime factors of p.
2
Let q(i) = i**3 - 3*i**2 - 15*i - 1. Let g(t) be the first derivative of t**3/3 - t**2/2 + t + 1. Let s(v) = -6*g(v) + q(v). List the prime factors of s(10).
3
Let i be (2*1)/(12/(-18)). Let d(j) = -j**2 - 3*j + 2. Let t be d(i). Suppose 3*l - o - 24 = 11, 3*l = -t*o + 20. What are the prime factors of l?
2, 5
Let h(o) = 2*o - 2. Let d be h(-5). Let s be d/(-9)*(-9)/6. List the prime factors of (2/s)/3*-27.
3
Let g(r) = 4 + 